t of 14492994?
2
What is the hundreds digit of 1184371?
3
What is the thousands digit of 1146743?
6
What is the tens digit of 159012?
1
What is the hundred thousands digit of 4338439?
3
What is the units digit of 357892?
2
What is the ten thousands digit of 69387?
6
What is the millions digit of 5547612?
5
What is the hundred thousands digit of 3520300?
5
What is the hundred thousands digit of 506390?
5
What is the hundred thousands digit of 9933780?
9
What is the thousands digit of 27796646?
6
What is the units digit of 544380?
0
What is the hundreds digit of 545826?
8
What is the tens digit of 2638198?
9
What is the hundred thousands digit of 505842?
5
What is the hundred thousands digit of 400696?
4
What is the units digit of 3135539?
9
What is the tens digit of 349976?
7
What is the hundreds digit of 254196?
1
What is the units digit of 84496?
6
What is the millions digit of 22994407?
2
What is the hundreds digit of 12791398?
3
What is the tens digit of 529458?
5
What is the hundreds digit of 29234?
2
What is the hundred thousands digit of 1249528?
2
What is the ten thousands digit of 3143586?
4
What is the thousands digit of 2130768?
0
What is the tens digit of 52749?
4
What is the thousands digit of 3360804?
0
What is the tens digit of 553615?
1
What is the ten thousands digit of 731924?
3
What is the ten millions digit of 33285950?
3
What is the thousands digit of 467997?
7
What is the hundreds digit of 8824211?
2
What is the hundred thousands digit of 17603220?
6
What is the units digit of 274009?
9
What is the units digit of 270534?
4
What is the ten thousands digit of 7416044?
1
What is the units digit of 572291?
1
What is the hundreds digit of 31622254?
2
What is the tens digit of 299391?
9
What is the tens digit of 225519?
1
What is the units digit of 892027?
7
What is the tens digit of 880795?
9
What is the tens digit of 225669?
6
What is the hundreds digit of 71278?
2
What is the tens digit of 404515?
1
What is the thousands digit of 7082510?
2
What is the hundreds digit of 995643?
6
What is the tens digit of 42577?
7
What is the hundreds digit of 10732291?
2
What is the thousands digit of 376183?
6
What is the hundred thousands digit of 107744?
1
What is the ten millions digit of 10901639?
1
What is the millions digit of 2656352?
2
What is the thousands digit of 6806945?
6
What is the millions digit of 6297720?
6
What is the thousands digit of 6798819?
8
What is the tens digit of 228860?
6
What is the thousands digit of 16745?
6
What is the tens digit of 791025?
2
What is the hundreds digit of 436197?
1
What is the hundreds digit of 781069?
0
What is the tens digit of 1157469?
6
What is the thousands digit of 1386091?
6
What is the hundreds digit of 42303?
3
What is the thousands digit of 4849488?
9
What is the tens digit of 3150095?
9
What is the ten thousands digit of 172802?
7
What is the thousands digit of 411171?
1
What is the thousands digit of 9419413?
9
What is the hundreds digit of 1048091?
0
What is the thousands digit of 397401?
7
What is the units digit of 2079700?
0
What is the hundreds digit of 325851?
8
What is the ten thousands digit of 419761?
1
What is the ten thousands digit of 49596?
4
What is the hundred thousands digit of 201228?
2
What is the hundred thousands digit of 5526029?
5
What is the hundreds digit of 27697943?
9
What is the millions digit of 24529030?
4
What is the ten thousands digit of 4435573?
3
What is the units digit of 3026042?
2
What is the ten millions digit of 12970090?
1
What is the millions digit of 2920961?
2
What is the millions digit of 6624114?
6
What is the millions digit of 1073026?
1
What is the units digit of 101770?
0
What is the hundred thousands digit of 206510?
2
What is the units digit of 30560857?
7
What is the ten thousands digit of 6981943?
8
What is the thousands digit of 14509108?
9
What is the thousands digit of 19411772?
1
What is the hundreds digit of 6380460?
4
What is the thousands digit of 140716?
0
What is the hundred thousands digit of 3550892?
5
What is the ten thousands digit of 222313?
2
What is the hundred thousands digit of 415107?
4
What is the units digit of 38758?
8
What is the ten thousands digit of 975280?
7
What is the hundred thousands digit of 145277?
1
What is the thousands digit of 8537164?
7
What is the ten thousands digit of 4174015?
7
What is the tens digit of 888805?
0
What is the tens digit of 9130617?
1
What is the hundred thousands digit of 1078478?
0
What is the hundred thousands digit of 971721?
9
What is the units digit of 1848826?
6
What is the millions digit of 5229564?
5
What is the hundreds digit of 10275573?
5
What is the hundred thousands digit of 5083539?
0
What is the hundred thousands digit of 135465?
1
What is the hundred thousands digit of 954888?
9
What is the ten thousands digit of 37644?
3
What is the tens digit of 1255716?
1
What is the millions digit of 2179581?
2
What is the ten thousands digit of 16662808?
6
What is the hundreds digit of 450712?
7
What is the units digit of 876231?
1
What is the ten thousands digit of 674528?
7
What is the ten thousands digit of 1081285?
8
What is the hundred thousands digit of 891554?
8
What is the tens digit of 651742?
4
What is the ten thousands digit of 6234717?
3
What is the tens digit of 195734?
3
What is the millions digit of 1584584?
1
What is the units digit of 15747982?
2
What is the units digit of 187130?
0
What is the units digit of 211902?
2
What is the hundred thousands digit of 417935?
4
What is the millions digit of 2795105?
2
What is the millions digit of 1391496?
1
What is the units digit of 2586417?
7
What is the hundreds digit of 5567996?
9
What is the ten thousands digit of 3704945?
0
What is the hundred thousands digit of 15094759?
0
What is the ten millions digit of 38538051?
3
What is the hundreds digit of 641635?
6
What is the hundreds digit of 1345063?
0
What is the ten thousands digit of 624908?
2
What is the hundred thousands digit of 825700?
8
What is the hundreds digit of 326220?
2
What is the hundred thousands digit of 212180?
2
What is the thousands digit of 778817?
8
What is the millions digit of 9168813?
9
What is the hundreds digit of 143174?
1
What is the hundreds digit of 1218147?
1
What is the ten thousands digit of 22938?
2
What is the ten thousands digit of 389693?
8
What is the hundred thousands digit of 3437241?
4
What is the hundreds digit of 177455?
4
What is the tens digit of 270185?
8
What is the tens digit of 1261913?
1
What is the millions digit of 16671057?
6
What is the hundred thousands digit of 618711?
6
What is the thousands digit of 370505?
0
What is the hundred thousands digit of 393908?
3
What is the tens digit of 3152520?
2
What is the tens digit of 76551?
5
What is the tens digit of 25059631?
3
What is the ten thousands digit of 18044130?
4
What is the hundred thousands digit of 208834?
2
What is the tens digit of 983391?
9
What is the thousands digit of 585116?
5
What is the hundred thousands digit of 2842374?
8
What is the hundreds digit of 62243?
2
What is the millions digit of 7498663?
7
What is the units digit of 1472673?
3
What is the units digit of 8693390?
0
What is the hundred thousands digit of 5319978?
3
What is the tens digit of 16504366?
6
What is the tens digit of 95594?
9
What is the thousands digit of 47186?
7
What is the hundred thousands digit of 5659903?
6
What is the hundreds digit of 4490335?
3
What is the hundred thousands digit of 221811?
2
What is the thousands digit of 204775?
4
What is the ten millions digit of 14311199?
1
What is the hundred thousands digit of 5339265?
3
What is the millions digit of 10104204?
0
What is the thousands digit of 21728989?
8
What is the hundreds digit of 1061870?
8
What is the millions digit of 2380759?
2
What is the hundreds digit of 129496?
4
What is the hundred thousands digit of 6283537?
2
What is the thousands digit of 175437?
5
What is the ten thousands digit of 20851003?
5
What is the ten thousands digit of 6153075?
5
What is the thousands digit of 442243?
2
What is the ten thousands digit of 55297?
5
What is the thousands digit of 1229661?
9
What is the ten thousands digit of 3112534?
1
What is the hundred thousands digit of 820354?
8
What is the thousands dig